 3*f - 681. What is the tens digit of o?
3
Let q = -166 - -169. Let k(s) = -369*s + 23. Let v be k(-8). Suppose v = -q*h + 20*h. What is the tens digit of h?
7
Suppose 40305 = 13*r + 8650. What is the hundreds digit of r?
4
Suppose 3 = 4*m - 5*k, -4*m + 2 + 11 = 5*k. Suppose 0 = 5*z + 3*x - 8*x - 1190, -m*x = 0. What is the units digit of z?
8
Let p(q) = 30*q**3 - 2*q**2 + 3*q - 3. Let f be p(2). Suppose 4*d = 9*d - f. Let z = -36 + d. What is the tens digit of z?
1
Let t(k) = -5*k**2 - 55*k - 6. Let f be t(-6). Suppose -3*m + 318 = -3*w - f, -487 = -3*m - 2*w. What is the tens digit of m?
5
Suppose 771 = -2*s - 7*z + 2*z, 0 = -s + 2*z - 408. Let w = s + 674. What is the units digit of w?
6
Let i = 68 + -66. Suppose 2*k - 4*w - 262 = 0, 2*w = i - 0. Suppose 2*x = 3*u - 0*u + k, 2*x - 131 = 5*u. What is the units digit of x?
8
Let w(q) = -q**3 + 24*q**2 + 19*q + 3. Let g(d) = 3*d**3 - 3*d + 6. Let z be g(2). What is the hundreds digit of w(z)?
4
Let p(c) = 4101*c**2 - 31*c - 68. What is the tens digit of p(-2)?
9
Let d = -29750 + 53780. What is the tens digit of d?
3
Let p = 13210 + -7562. What is the tens digit of p?
4
Let s = -1337 - -1422. What is the units digit of s?
5
Let i(v) = 2*v**3 + 111*v**2 - 264*v - 14. What is the units digit of i(-56)?
4
Let l(v) be the third derivative of 7*v**5/12 - 5*v**4/12 + v**3/2 - v**2 - 40. What is the hundreds digit of l(3)?
2
Let x(k) = 969*k**2 + 379*k - 1905. What is the tens digit of x(5)?
1
Let p(w) = 61*w - 107. Let c(q) = q - 6. Let l(m) = -2*c(m) + p(m). What is the units digit of l(23)?
2
Suppose -491*l + 431*l + 340440 = 0. What is the tens digit of l?
7
Suppose -j + 12679 = -2*v, -2*j - 13*v = -11*v - 25322. What is the hundreds digit of j?
6
Let n = 74 - 71. Suppose 839 = n*l + 80. What is the units digit of l?
3
Let z(s) = -22*s**2 + 2*s. Let k be (-16)/(-6)*9/12. Let d be z(k). Let m = 149 + d. What is the units digit of m?
5
Let z be -14*8/((-32)/10). Suppose z*q = 48*q - 3354. What is the tens digit of q?
5
Let k = -152 + 155. Suppose k*z = -2*c + 4*c - 2259, 1146 = c + 4*z. What is the thousands digit of c?
1
Let g be 9 - 7/(21/6). Let j(u) = 3*u - 20*u - 26 - g*u - u**2. What is the tens digit of j(-16)?
0
Let n = -8599 + 50219. What is the hundreds digit of n?
6
Let b be (-10246)/(-14) - (-10 + 5)/35. Suppose -2*s = -4*q - 5*s + 732, s - b = -4*q. What is the hundreds digit of q?
1
Let j(b) = b**3 - 15*b**2 - 24*b + 5. Let v be j(16). Let h = -49 - v. Let r = 231 - h. What is the units digit of r?
7
Suppose -15 = -3*z, 6035 = 4*p + 2*z - 12915. What is the units digit of p?
5
Suppose 0 = -9*z - 17 - 10. Let o be (-4)/(-22) - (3582/(-22) - z). Let f = o - 61. What is the tens digit of f?
9
Let x(o) = -o**3 + 21*o**2 + 23*o - 19. Let w be x(22). What is the hundreds digit of (139 - -2)/(w - 40/14)?
9
Suppose 3*k - 4*r = 6, -k + 4*r + 2 = 3*r. Let i(a) = -a**3 + 2*a**2 - 4. Let b be i(k). What is the units digit of ((9/b)/1)/((-3)/132)?
9
Let p be ((-3)/4)/((-21)/56). Suppose 0 = -3*s - 12, 19*s - 23*s - 524 = -p*d. What is the hundreds digit of d?
2
Suppose -6*l = -8169 - 987. What is the tens digit of l?
2
Let s = -702 + 100. Let v = -360 - s. What is the hundreds digit of v?
2
Let q(b) = b**3 - 20*b**2 + 24*b - 101. Let l be q(19). What is the hundreds digit of 73226/235 - l/(-10)?
3
Suppose -3*n = -4*a + 432, 0*n = -5*a - n + 540. Let t = a - 162. Let o = 0 - t. What is the tens digit of o?
5
Suppose 3*g - 9 = 0, 5*d - 57606 = -6*g + 4*g. What is the thousands digit of d?
1
Suppose -13077 - 1883 = -3*q - a, 4*q = -2*a + 19948. What is the hundreds digit of q?
9
Let g(j) = 55*j + 3. Let v(z) = 8*z - 28. Let c be v(4). What is the tens digit of g(c)?
2
What is the units digit of ((-21)/(-15) + 10)*150?
0
Suppose 4*i = -5*o + 1829, 8*o - 5*o - 3 = 0. Let r = i - 321. What is the hundreds digit of r?
1
Suppose -4*o - 8*o = -60. Suppose u = o*u - 2*d - 2334, 4*u = -d + 2343. What is the hundreds digit of u?
5
Let f(s) = 18*s**2 - 7*s - 28. Let n be f(4). Let c = 446 - n. What is the tens digit of c?
1
Let s(x) = 21*x**2 + 10*x - 3649. What is the hundreds digit of s(49)?
2
Suppose 3*u - 66213 = -3*y, 0 = -452*u + 449*u + 2*y + 66253. What is the thousands digit of u?
2
Suppose -5*t + 3*t + 4 = 0. Let o be (-2)/14*t + 315/245. Let w(d) = 78*d**3 - d**2 + d. What is the tens digit of w(o)?
7
Suppose -2*t + 37 = 4*k + 1, 0 = -4*k + 4*t + 24. Let s be (113/6)/(k/48). Suppose -15 + s = f. What is the tens digit of f?
9
Suppose n - 25 = -4*j, n + 3*n + 3*j = 35. Suppose -96 = -3*d - n*d. Suppose -10*h = -d*h + 38. What is the tens digit of h?
1
Let w(n) = 5*n**3 + 2*n**2 + 16*n + 6. Let l(x) = 4*x**3 + 2*x**2 + 15*x + 5. Let g(p) = -4*l(p) + 3*w(p). What is the units digit of g(-6)?
4
Let b = 23466 + -17639. What is the thousands digit of b?
5
Let x = 5113 - 1268. What is the units digit of x?
5
Let v = -9 - -15. Suppose -w - 5*z = -10, 3*w - 3*z = -w - v. Suppose w*u = u - 61. What is the tens digit of u?
6
Let i = 1486 - -1251. Suppose 0*g - g = -5*r + 2733, -5*r - g + i = 0. What is the tens digit of r?
4
Let y(o) = -o**2 - o + 2. Let f be y(1). Suppose f = -l - 5*p - 0*p + 14, -5*p = 3*l - 12. What is the hundreds digit of l + -3 + 103 + 3?
1
Let o(y) = 35*y**2 + 3*y - 13. Let v = -84 + 81. What is the hundreds digit of o(v)?
2
Let k(m) = m**2 - 15*m + 2. Let j be k(14). Let w be ((-4473)/6)/(-7)*j/9. Let u = -60 - w. What is the tens digit of u?
8
Suppose 4*b + 10408 = 3*t, -7*t + 13*b + 13862 = -3*t. What is the tens digit of t?
7
Suppose -4*m - 334 = 46. What is the units digit of (-38)/m*(-1345)/(-4)*2?
9
Suppose 0 = -4*u + 8*u - 12, 17 = -t + 4*u. Let g = t - -98. What is the units digit of g?
3
What is the units digit of 4/(-32)*-7518*(-1496)/(-33)?
2
Suppose -y + 2*y - 22 = 0. Let w(j) = -11*j**3 - 3*j**2 - j. Let o be w(-1). Let u = y - o. What is the units digit of u?
3
Suppose 6*f = 130*f - f - 1812897. What is the hundreds digit of f?
7
Let p(o) = -o**2 + 6*o + 18. Let c be p(8). Let y(i) = 88*i + 1. Let z be y(c). Suppose -2*d + z = 5*v, 2*v = 6*v + 4. What is the units digit of d?
1
Let c(q) = -q**3 + 16*q**2 - 25*q + 9. Suppose 40*k - 39*k - 12 = 0. What is the units digit of c(k)?
5
Suppose -35*k = -38*k + p + 17471, -5*k - 2*p + 29100 = 0. Suppose -k = -13*g + 10909. What is the thousands digit of g?
1
Let z(y) be the third derivative of -y**6/120 + y**5/20 + 2*y**3/3 + 29*y**2. Let w be z(-2). Let h = w - -74. What is the units digit of h?
8
Let w = -3761 - -4048. What is the units digit of w?
7
Suppose 0 = 7*c + 2*c - 36. Suppose -c*a + 394 = 2*m + 56, -2*a - 6 = 0. What is the tens digit of m?
7
What is the units digit of (-48)/(-3)*2966/5 - (-3)/(-15)?
1
Suppose -293665 = -24*w + 339383. What is the units digit of w?
7
Let i = 1354 + 1895. Suppose 0 = 38*b - 29*b - i. What is the tens digit of b?
6
What is the thousands digit of -21*(235/(-282) - (-19980)/(-8))?
2
Suppose -3*g + 5643 = 2*d, 32*d - 28*d = 5*g + 11297. Suppose 28*j - o - d = 26*j, 7030 = 5*j + 3*o. What is the tens digit of j?
0
What is the hundreds digit of (18 + -17)/((-4367)/(-17452) + 3/(-12))?
3
Let f(u) = 50*u + 2311. What is the hundreds digit of f(69)?
7
Suppose 0*p + 4*s = -2*p + 16, 5*p = 5*s + 55. Suppose 0 = p*r - 16 - 34. Suppose 3*m = r*i + 724, 0 = -3*m - 4*i - 357 + 1090. What is the hundreds digit of m?
2
Let z(h) = 73*h**3 - h**2 + 24*h - 50. What is the tens digit of z(3)?
8
Let c = 22426 + -13103. What is the units digit of c?
3
Suppose 10*f = 8*f - 3*g - 449, 0 = -2*f + 2*g - 464. Suppose 813 - 31 = 2*j. Let h = j + f. What is the tens digit of h?
6
Let f be 1163*(-6)/15 - (-1)/5. Let o = 885 + f. What is the tens digit of o?
2
Let o = 37 + -4. Suppose 0 = -2*p - 19 + o. Suppose -108 = -10*v + p*v. What is the units digit of v?
6
Suppose 0*h = 3*h - 5*a - 8, -3*a = -5*h + 40. What is the hundreds digit of (h/(-22))/(6/(-7428))?
6
Let d(o) = 485*o - 12. Let z be d(-6). Let i be (0 + 2)/(2/z*-6). Let n = i - 298. What is the tens digit of n?
8
Let u = -41988 + 64825. What is the thousands digit of u?
2
Let z(j) be the first derivative of j**4/3 + 2*j**3/3 + 7*j**2/2 + 25*j + 18. Let s(g) be the first derivative of z(g). What is the units digit of s(5)?
7
Let l = 6058 - 5593. What is